1
Suppose 2*j - 8 = -4*w, 2*w + 4*j = -3 + 1. Suppose 25 = w*q + 2*q. Suppose -3*s + q*g + 9 = -2*s, -3*g = -s + 7. What are the prime factors of s?
2
Let g(s) = s**2 - 4. Let z be g(0). What are the prime factors of (z/(-5))/(6/105)?
2, 7
Let v be (-78)/(-18) - (-2)/(-6). Suppose -1 = -v*g + 23. List the prime factors of g.
2, 3
Let p = 35 + 48. List the prime factors of p.
83
Let c = 207 + -140. What are the prime factors of c?
67
Suppose 0*z + 4*z = 2*j, 0 = -3*z + j + 2. Let x(q) = q**3 - 1 + 3*q**2 - 2*q**3 + z*q**2 + q + 0*q**2. List the prime factors of x(5).
2
Suppose 4 = -x - 1. What are the prime factors of (-4)/2 + 36 + x?
29
Let a be (-2)/6 - (-1)/3. Suppose -4*m + m + 15 = a. Suppose -6 = -2*d, -m = -5*g - 4*d + 47. What are the prime factors of g?
2
Let r = 5 - 4. Let v = 8 + r. What are the prime factors of v?
3
Suppose -2*k - r + 20 = 0, -5*k = r - 45 - 2. Suppose -3*z = -5*g + k, -2*g + 3*g = -3*z + 9. What are the prime factors of 32/2 - (g + -2)?
3, 5
Let i(v) = 24*v**2 - 4*v - 4. List the prime factors of i(-1).
2, 3
Let m be (-29)/(-4) + 3/(-12). Suppose -3*v + 2 = -m. Let b(i) = 2*i - 2. List the prime factors of b(v).
2
Let q(r) = r**3 + 5*r**2 - 4*r + 2. List the prime factors of q(-4).
2, 17
Let y = 5 - -15. List the prime factors of y.
2, 5
Let m(u) = 3*u**2 + 6*u + 1. Let q(z) = z**3 - 4*z**2 + 2*z - 1. Let k be q(3). List the prime factors of m(k).
5
Let v be (-48)/2*(-15)/12. Suppose v = 2*o + 4. What are the prime factors of o?
13
Let l(b) = 2*b + 12. What are the prime factors of l(10)?
2
Let t(n) = -5 + 16 - 3*n + n. List the prime factors of t(-9).
29
Let l(a) = 3*a - 5. Suppose 0 = -5*z + 25, -2*p + 0*z + 43 = -z. Let o be ((-3)/(-2))/(9/p). What are the prime factors of l(o)?
7
Let o(y) be the second derivative of -13*y**3/6 + y**2/2 - 5*y. Let s be o(-1). Suppose 62 = 3*j + s. What are the prime factors of j?
2
Let m be (1 - (-6)/(-4))*-50. Suppose -5*q = s + 25, 0*q - m = 4*s + 5*q. Let l = 9 + s. What are the prime factors of l?
3
Suppose 5*i - 9 = -k + 5, -2 = 5*i - 3*k. List the prime factors of i.
2
Let q(v) = 4 - 4 + 4*v + 2 + 13*v**2. Let t be q(-2). Suppose -5*p + 4 + t = 0. What are the prime factors of p?
2, 5
Suppose -5*k + 25 = 0, 2*k - 4*k + 16 = b. Let d(m) = -m + 25. List the prime factors of d(b).
19
List the prime factors of 0 + 1 + (18 - 13).
2, 3
Suppose -4*z = -14 + 2. Suppose 48 = z*d - 57. What are the prime factors of d?
5, 7
Let x(m) = m**2 + m + 2*m + 0*m - 1 - 5. List the prime factors of x(-8).
2, 17
Let o be 1/3 + (-94)/(-6). Suppose 5*f = 5*r - 3*r + 11, 3*f + 11 = -r. Let a = r + o. List the prime factors of a.
2
Let r = 2 - 3. What are the prime factors of (-2 - -13) + 2 - r?
2, 7
Let u = -209 + 306. List the prime factors of u.
97
Let n be 2 - (-1 + -1 + 1). Suppose -a - n = 2. Let c = -1 - a. What are the prime factors of c?
2
Let j = -11 + 12. Let l = 31 - j. List the prime factors of l.
2, 3, 5
Suppose 0 = -3*y + 41 + 580. List the prime factors of y.
3, 23
Suppose -3*j - 5*t - 14 = -4*t, -t = j + 4. Let r be (-2 + -1)*(1 + j). List the prime factors of 5/1 + r/6.
7
Suppose -z + 3*v = 2*z - 156, -4*z = 3*v - 180. What are the prime factors of z?
2, 3
Suppose -5*n + 101 = -99. List the prime factors of n.
2, 5
Let p = 124 - 59. What are the prime factors of p?
5, 13
Let u(o) = 2*o**2 - 4*o - 1. Let a be u(3). Suppose q + 0 = -4*y + 4, 0 = a*q. What are the prime factors of y/(-3*(-2)/42)?
7
Let h(j) = j**2 + 16*j + 26. List the prime factors of h(-18).
2, 31
Let h be (6/(-4))/((-3)/8). Suppose h*u - 14 = 10. What are the prime factors of u?
2, 3
Let a be (-5 + 5)/((-2)/(-1)). Suppose a = 4*p - 9 - 23. Suppose -5*k = -k - p. List the prime factors of k.
2
Suppose -3*k + 2*z = k - 94, -3*z + 48 = 3*k. Let f = k + -15. Suppose 31 = 5*m + f. What are the prime factors of m?
5
Let g(c) = -14*c + 39. What are the prime factors of g(-12)?
3, 23
Let f(p) = 3*p**2 - 1. Let t be f(1). Suppose 2*y + 6*l - l + 5 = 0, -5*l = -4*y + 35. What are the prime factors of t/((y/(-2))/(-5))?
2
Let r(y) = y + 39. List the prime factors of r(-17).
2, 11
Suppose 2*k - 5 = -a, -4*k = -4*a - 2 - 14. Suppose 2*v - 2*z = -0*z + 12, -4*v + 3 = k*z. Suppose -v = -o - 0. What are the prime factors of o?
3
Suppose -j + 123 = -5*s + 2, -122 = -j + 4*s. Let q = -82 + j. List the prime factors of q.
2, 11
Let q(v) = 19*v + 3. List the prime factors of q(3).
2, 3, 5
Let v be ((-2)/(-4))/(1/(-2)). Let h = v + 3. Let w(d) = 2*d**2 + d. List the prime factors of w(h).
2, 5
Let p = -100 - -283. List the prime factors of p.
3, 61
List the prime factors of 4/(-22) + 2424/22 + -3.
107
Suppose 264 = 5*f - 2*c, -6*f - 5*c + 69 = -5*f. List the prime factors of f.
2, 3
Let v(l) = 4*l**2 - l - 1. Let s be v(3). Let j = -7 + s. List the prime factors of j.
5
Suppose 0 = -18*x + 13*x + 585. What are the prime factors of x?
3, 13
Let d = 14 - 20. Let l be (-1468)/(-36) - d/27. What are the prime factors of (-4)/8 + l/2?
2, 5
Let v(g) = 15*g. List the prime factors of v(1).
3, 5
Let t(v) = 8*v. What are the prime factors of t(6)?
2, 3
Suppose -34 + 10 = -4*a. Suppose -5*c + 3*c = 2*r - 12, 2*r - 4*c - a = 0. List the prime factors of r.
5
Let b(d) = -4*d + 3. Suppose -v - 2*q - 7 = 0, q + 34 = 3*v - 4*q. Let a be b(v). Let g = 0 - a. What are the prime factors of g?
3
Let s be 2/3 + 3/9. What are the prime factors of (s - -5)/((-6)/(-8))?
2
Let o(s) = -6*s**2 + 1. Let v be o(3). Let y = -100 - v. What are the prime factors of (-2)/5 - y/5?
3
Let l be 4*(-4 + (-99)/(-6)). Suppose -l = -4*d - 3*j, 12 = 5*d - 5*j - 33. List the prime factors of d.
11
Let x = 121 + -28. List the prime factors of x.
3, 31
Let h(v) = 9*v. List the prime factors of h(4).
2, 3
Let l(p) = 2*p - 1. Suppose -3 = i - 4. Let u be l(i). List the prime factors of u/(-2)*(-30)/5.
3
Let z(k) = 35*k. List the prime factors of z(5).
5, 7
List the prime factors of 1 + 0 - (-41 - 3).
3, 5
Suppose 0 = 4*u + c + 1, 0 = -5*c - 4 - 1. Let z = -5 + 6. List the prime factors of (-1 - -11)/(u + z).
2, 5
Suppose z = w + 3 + 3, 0 = 3*z - 4*w - 22. What are the prime factors of ((-36)/(-30))/(z/5)?
3
Let z = 2 + 54. What are the prime factors of z?
2, 7
Let u(q) be the first derivative of q**3/3 - q**2 - 2*q + 1. Let b be (-3)/(-2)*16/6. What are the prime factors of u(b)?
2, 3
Let c(l) = -l**3 - 9*l**2 + 11*l + 3. Suppose 0 = 4*x + 37 + 3. Let b be c(x). Let k = 10 + b. List the prime factors of k.
3
Let x(p) = p**3 + 4*p**2 + p + 4. Let g be x(-4). Suppose 0*i - 5*i + 10 = g. List the prime factors of i.
2
Suppose -136 - 492 = t. What are the prime factors of t/(-24) + 3/(-18)?
2, 13
Let q be (-12)/(-5) - (-4)/(-10). Suppose 3*t + 64 = 5*b, 5*b + q*t - 5 - 44 = 0. Let r = 28 - b. What are the prime factors of r?
17
Let i = 22 - 6. What are the prime factors of i?
2
List the prime factors of (-6 - 13)/(2/(-6)).
3, 19
Let a(q) = 7*q**2 - 7*q + 7. List the prime factors of a(6).
7, 31
Let s(c) = 3*c**2 + 1. Let u be s(-1). Let k = u - -1. Suppose 3*v + 20 = 7*v + w, 5*v + k*w - 10 = 0. List the prime factors of v.
2, 3
Let x(i) = -i**2 - 8*i + 9. Let k be x(-8). Let l = k + -4. Let q = -2 + l. List the prime factors of q.
3
Suppose 0 = -2*f - 0 - 12. List the prime factors of 136/10 + f/(-15).
2, 7
Let y(c) = c**2 - 5*c. Let r be y(8). Suppose 3*l - r = 39. Let f = l + -8. List the prime factors of f.
13
Suppose 2*x + 1062 = 4*o, -3*x - 814 = -3*o + 2*x. List the prime factors of o.
263
Suppose 0 = 5*l + m - 81, -5*m = l + 3*l - 48. Suppose 5*u - l = -3*y, 5*u = 3*u + 3*y - 10. List the prime factors of (-7 - (-2)/u)/(-1).
5
Let v(w) = -w**3 + 6*w**2 + 3*w + 10. Let p be v(7). What are the prime factors of (-50)/p - (-2)/9?
3
Suppose 5*y + 279 = 3*d - 0*d, d - 2*y - 93 = 0. What are the prime factors of d?
3, 31
Suppose 17*f - 255 = 14*f. List the prime factors of f.
5, 17
Let u be 15/10 - (-37)/2. Let r = u + 1. List the prime factors of r.
3, 7
Let n = -124 + 38. What are the prime factors of 4/(-28) - n/14?
2, 3
Let d(k) = k**2 - k. Let t(o) = -o**3 - 2*o**2 + 2*o - 1. Let h be t(-3). List the prime factors of d(h).
2
List the prime factors of 1*-4 + 219 + 4 + -3.
2, 3
Let b be 6/4*(-4)/(-6). Let c be (1 + 0)*-1 - b. List the prime factors of (c + 4)/(3/24).
2
Supp